, 67, 79153
List the prime factors of 710227796.
2, 177556949
What are the prime factors of 12194159?
127, 96017
List the prime factors of 427418443.
29, 607, 24281
List the prime factors of 1795160268.
2, 3, 11, 463, 9791
What are the prime factors of 24497332?
2, 691, 8863
What are the prime factors of 144743817?
3, 41, 1176779
List the prime factors of 8923640.
2, 5, 11, 17, 1193
List the prime factors of 58064150.
2, 5, 53, 21911
List the prime factors of 79207744.
2, 7, 11, 16073
What are the prime factors of 654639598?
2, 1847, 177217
List the prime factors of 52659741.
3, 79, 222193
List the prime factors of 777450716.
2, 7, 2243, 12379
List the prime factors of 3392493.
3, 13, 37, 2351
List the prime factors of 543863990.
2, 5, 54386399
What are the prime factors of 458366580?
2, 3, 5, 7, 17, 1019
List the prime factors of 253448486.
2, 19, 6669697
What are the prime factors of 201772991?
7, 28824713
List the prime factors of 64805970.
2, 3, 5, 139, 15541
List the prime factors of 4911899459.
4911899459
List the prime factors of 302286595.
5, 13, 659, 7057
List the prime factors of 1483695548.
2, 370923887
List the prime factors of 559049563.
559049563
List the prime factors of 696129964.
2, 83, 2096777
List the prime factors of 44249277.
3, 14749759
What are the prime factors of 87839247?
3, 29279749
What are the prime factors of 132129221?
7, 18875603
List the prime factors of 553901102.
2, 29, 127, 2593
What are the prime factors of 351809889?
3, 41, 197, 14519
What are the prime factors of 2854262160?
2, 3, 5, 269, 14737
List the prime factors of 4004610.
2, 3, 5, 29, 4603
What are the prime factors of 38551876?
2, 11, 397, 2207
What are the prime factors of 199916595?
3, 5, 1523, 2917
List the prime factors of 40607731.
19, 877, 2437
What are the prime factors of 702651884?
2, 11, 127, 125743
What are the prime factors of 227032762?
2, 11, 10319671
What are the prime factors of 566091596?
2, 7, 20217557
What are the prime factors of 55113487?
11, 13, 43, 8963
What are the prime factors of 881885829?
3, 11, 17, 1571989
List the prime factors of 125719589.
563, 223303
List the prime factors of 107621505.
3, 5, 2391589
What are the prime factors of 22373095?
5, 59, 149, 509
What are the prime factors of 12840730?
2, 5, 7, 183439
What are the prime factors of 30967905?
3, 5, 2064527
List the prime factors of 4925122249.
61, 71, 1137179
What are the prime factors of 167420148?
2, 3, 7, 17, 117241
What are the prime factors of 2396280800?
2, 5, 2995351
What are the prime factors of 137120199?
3, 45706733
List the prime factors of 3709552360.
2, 5, 6619, 14011
List the prime factors of 21002655.
3, 5, 31, 47
What are the prime factors of 95880847?
95880847
List the prime factors of 1417147248.
2, 3, 11, 73, 36767
List the prime factors of 174716893.
13, 13439761
What are the prime factors of 2235919779?
3, 67, 373, 9941
What are the prime factors of 370509492?
2, 3, 17, 89, 20407
What are the prime factors of 2381600728?
2, 13, 179, 757
What are the prime factors of 29178840?
2, 3, 5, 243157
List the prime factors of 33523372.
2, 19, 181, 2437
List the prime factors of 1035536577.
3, 359, 509, 1889
What are the prime factors of 166801341?
3, 7, 1134703
List the prime factors of 1603189677.
3, 23, 23234633
List the prime factors of 589494080.
2, 5, 7, 263167
What are the prime factors of 122167106?
2, 73, 836761
What are the prime factors of 9075771099?
3, 1008419011
List the prime factors of 3169173898.
2, 11, 17, 317, 26731
List the prime factors of 851463277.
7, 37, 41, 181, 443
What are the prime factors of 85821529?
85821529
List the prime factors of 12979303.
12979303
List the prime factors of 171358673.
181, 946733
List the prime factors of 1785358016.
2, 13, 577, 3719
What are the prime factors of 24530704?
2, 11, 37, 3767
List the prime factors of 265132291.
61, 4346431
List the prime factors of 531245514.
2, 3, 2131, 41549
List the prime factors of 374573922.
2, 3, 109, 151, 3793
List the prime factors of 164671927.
7, 23, 263, 3889
What are the prime factors of 39987167?
11, 3635197
What are the prime factors of 955161688?
2, 13, 1019, 9013
List the prime factors of 656063215.
5, 1181, 111103
List the prime factors of 437741893.
19, 53, 434699
What are the prime factors of 84831671?
8269, 10259
List the prime factors of 1326223013.
1326223013
List the prime factors of 98407364.
2, 11, 203321
List the prime factors of 116737153.
13, 8979781
List the prime factors of 48754816.
2, 11, 31, 1117
What are the prime factors of 89173793?
89173793
List the prime factors of 699256045.
5, 139851209
List the prime factors of 1258219538.
2, 17, 1453, 25469
What are the prime factors of 2150417006?
2, 17, 63247559
List the prime factors of 135434129.
317, 427237
What are the prime factors of 4237140608?
2, 33102661
What are the prime factors of 910663639?
4259, 213821
List the prime factors of 2809379786.
2, 19, 47, 229, 6869
What are the prime factors of 344984907?
3, 419, 274451
List the prime factors of 59537761.
59537761
What are the prime factors of 234920828?
2, 58730207
What are the prime factors of 1103932388?
2, 13, 21229469
List the prime factors of 295610405.
5, 59122081
What are the prime factors of 1274478514?
2, 637239257
What are the prime factors of 3031986752?
2, 47374793
What are the prime factors of 52271808?
2, 3, 272249
List the prime factors of 2711625043.
23, 1229, 95929
What are the prime factors of 784046503?
784046503
List the prime factors of 293090541.
3, 23, 4247689
List the prime factors of 142773713.
37, 3858749
What are the prime factors of 38316718?
2, 11, 113, 15413
List the prime factors of 44564329.
19, 29, 31, 2609
What are the prime factors of 5780617118?
2, 23251, 124309
What are the prime factors of 40381346?
2, 19, 673, 1579
List the prime factors of 777007529.
31, 173, 144883
What are the prime factors of 462484872?
2, 3, 6423401
List the prime factors of 2364643758.
2, 3, 41, 1373, 7001
What are the prime factors of 60232655?
5, 7, 1720933
List the prime factors of 97092584.
2, 19, 638767
What are the prime factors of 18506091?
3, 359, 17183
List the prime factors of 258574542.
2, 3, 47, 916931
What are the prime factors of 117044419?
229, 511111
What are the prime factors of 2975383334?
2, 7, 11, 59, 327469
What are the prime factors of 1458393073?
37, 373, 105673
List the prime factors of 137969643.
3, 7, 938569
List the prime factors of 410886640.
2, 5, 5136083
List the prime factors of 5946375947.
59, 100786033
List the prime factors of 63949196.
2, 15987299
List the prime factors of 91128329.
91128329
What are the prime factors of 73824972?
2, 3, 13, 53, 8929
List the prime factors of 166860955.
5, 1123, 29717
List the prime factors of 25561002.
2, 3, 4260167
What are the prime factors of 847656672?
2, 3, 8829757
List the prime factors of 32444870.
2, 5, 71, 45697
What are the prime factors of 84868204?
2, 31, 383, 1787
List the prime factors of 104033740.
2, 5, 19, 273773
List the prime factors of 24089771.
337, 71483
What are the prime factors of 1547764?
2, 239, 1619
List the prime factors of 34313141.
4243, 8087
List the prime factors of 1377305167.
7, 17, 11573993
What are the prime factors of 1049183265?
3, 5, 13, 413879
What are the prime factors of 4168725638?
2, 7, 11, 2460877
List the prime factors of 92666302.
2, 46333151
List the prime factors of 494809782.
2, 3, 82468297
What are the prime factors of 49922861?
19, 2627519
List the prime factors of 48082118.
2, 7, 3434437
What are the prime factors of 136774104?
2, 3, 5698921
What are the prime factors of 169169032?
2, 37, 73, 7829
What are the prime factors of 1837741667?
17, 607, 178093
What are the prime factors of 2764335161?
7, 394905023
What are the prime factors of 1433957866?
2, 11, 37, 61, 28879
List the prime factors of 417876336.
2, 3, 2901919
What are the prime factors of 19951344?
2, 3, 7, 19793
What are the prime factors of 1074267695?
5, 19, 107, 105683
What are the prime factors of 125111314?
2, 19, 3292403
List the prime factors of 2766249006.
2, 3, 73, 6315637
What are the prime factors of 5015130?
2, 3, 5, 349, 479
What are the prime factors of 4210496567?
761, 5532847
What are the prime factors of 389280123?